n base 2, what is -101111000 - 1000101110000?
-1001011101000
In base 16, what is -1e - c19a?
-c1b8
In base 5, what is 33 + -110110?
-110022
In base 12, what is -3 + a0a7?
a0a4
In base 8, what is -626400 + 0?
-626400
In base 9, what is 14476 + -2?
14474
In base 7, what is -15254535 - 3?
-15254541
In base 15, what is 13163 - -4?
13167
In base 9, what is 7376 + 10?
7386
In base 14, what is -118d7 + -1?
-118d8
In base 7, what is 2062364 + -3?
2062361
In base 7, what is -353 + -1022?
-1405
In base 11, what is 147 + -a9?
49
In base 13, what is 1 + 9b?
9c
In base 15, what is -40 + -123?
-163
In base 2, what is -100100 + 101010000?
100101100
In base 13, what is -a + 109c?
1092
In base 5, what is -3 + -11333333?
-11333341
In base 10, what is 999 - -288?
1287
In base 9, what is -17 + 33657?
33640
In base 3, what is -1101122211 - -2020?
-1101120121
In base 13, what is -14 + 165b?
1647
In base 16, what is 26 + 45eb?
4611
In base 15, what is -5 + 1643?
163d
In base 13, what is 3b36 - -23?
3b59
In base 4, what is 33220 - -12000?
111220
In base 8, what is 2715 + -220?
2475
In base 5, what is -4 - -232413?
232404
In base 16, what is 34b + 9d?
3e8
In base 9, what is -34 + 1407?
1363
In base 10, what is -19377 + -7?
-19384
In base 3, what is 120110 + 210?
121020
In base 14, what is -23 - 1b88?
-1bab
In base 4, what is -111 - 30032213?
-30032330
In base 7, what is -10562161 + 1?
-10562160
In base 7, what is 264 + -130?
134
In base 6, what is 0 - 2124?
-2124
In base 10, what is -1703 - -188?
-1515
In base 13, what is 0 - 531c?
-531c
In base 14, what is 107 + 1a1?
2a8
In base 15, what is -1 + 3880d?
3880c
In base 3, what is -1 - -201010202200?
201010202122
In base 5, what is 21 - 1322?
-1301
In base 10, what is 19333 + -1?
19332
In base 3, what is -112000011 + -102?
-112000120
In base 9, what is -4536 - -1?
-4535
In base 7, what is -1 + 22164253?
22164252
In base 16, what is a2b + 76?
aa1
In base 15, what is -2327 + 40?
-22d7
In base 14, what is -2663 - 58?
-26bb
In base 8, what is -17 + -354602?
-354621
In base 5, what is 20 - 11040?
-11020
In base 12, what is -645b + 97?
-6384
In base 11, what is 256 - 1164?
-a09
In base 13, what is -7 - -11c26?
11c1c
In base 15, what is 26 + 71c6?
71ec
In base 10, what is -50950 - -3?
-50947
In base 8, what is -22131 + 45?
-22064
In base 5, what is 4 - 423120?
-423111
In base 15, what is -4 - 31817?
-3181b
In base 5, what is 1244 - 130311?
-124012
In base 6, what is -11 - 400502?
-400513
In base 7, what is 36666360 + 2?
36666362
In base 3, what is -11 + 212010021120?
212010021102
In base 14, what is 2 - -13ba1?
13ba3
In base 5, what is -4122013 + -2?
-4122020
In base 6, what is 3301 + -1440?
1421
In base 2, what is -1 + 100100001000001?
100100001000000
In base 10, what is -1815482 + 4?
-1815478
In base 13, what is -3 + 6a03?
6a00
In base 8, what is 14 - 10472?
-10456
In base 11, what is -10 - -23273?
23263
In base 9, what is 5 - -3734?
3740
In base 8, what is 5550 + 471?
6241
In base 7, what is 16000 + -21?
15646
In base 7, what is -1061 + -12?
-1103
In base 9, what is 527 + 38?
566
In base 16, what is 2 + 2e33?
2e35
In base 13, what is -13a - 5b2?
-71c
In base 7, what is -1 + -65165?
-65166
In base 2, what is -1100 - -10111011110110001?
10111011110100101
In base 11, what is 7513 + 5?
7518
In base 16, what is 11d + 1bb?
2d8
In base 12, what is 2b7 + -33?
284
In base 10, what is -6 - -797825?
797819
In base 9, what is -1448 + 125?
-1323
In base 9, what is 5 + 20008?
20014
In base 3, what is -222 - 222211?
-1000210
In base 13, what is 4060 - -5?
4065
In base 14, what is -2400 - c?
-240c
In base 4, what is -203312 - 110?
-210022
In base 10, what is -105 + -1077?
-1182
In base 7, what is -124330 + 0?
-124330
In base 4, what is 10 + 133033112?
133033122
In base 6, what is 42230542 + 2?
42230544
In base 13, what is -28043 + -3?
-28046
In base 4, what is -102313 + 13?
-102300
In base 7, what is 23 - -14126?
14152
In base 14, what is 5 + -127486?
-127481
In base 6, what is 2030125 + -1?
2030124
In base 10, what is -4 + -14071?
-14075
In base 16, what is -3b - 1b0a9?
-1b0e4
In base 3, what is 211222 - -21001112?
21220111
In base 7, what is 20 - -23254?
23304
In base 6, what is -302540331 - 1?
-302540332
In base 2, what is 11011000101111111 + 11?
11011000110000010
In base 11, what is -24 - -2274?
2250
In base 8, what is 3 + 73766?
73771
In base 3, what is 10 - 20202201201?
-20202201121
In base 3, what is 2110 - 1010220?
-1001110
In base 4, what is 1 - 3022303313?
-3022303312
In base 9, what is 3683 + 84?
3777
In base 11, what is -1231 - -754?
-588
In base 11, what is 1034440 - -3?
1034443
In base 11, what is 80 - 36?
45
In base 9, what is 153306 + 1?
153307
In base 6, what is 513 + -14154?
-13241
In base 4, what is 1300 + 3112?
11012
In base 4, what is -11 - 13333221?
-13333232
In base 2, what is 100101001000011 - -1000010?
100101010000101
In base 13, what is 14 - 433?
-41c
In base 8, what is -2266 + -7?
-2275
In base 3, what is 110 - 201201121?
-201201011
In base 7, what is -2035 - 352?
-2420
In base 10, what is -4039 - 298?
-4337
In base 13, what is 4 + 2b2b70?
2b2b74
In base 8, what is -1 + -212324?
-212325
In base 15, what is -2bacb - -b?
-2bac0
In base 8, what is -1173 - 1644?
-3037
In base 13, what is 28b9 + -1?
28b8
In base 13, what is 2 - -31926?
31928
In base 15, what is 59 - -b7?
121
In base 16, what is -10 - 396a?
-397a
In base 8, what is 10 - -150463?
150473
In base 8, what is -73002 + 0?
-73002
In base 16, what is 29ea - -d?
29f7
In base 10, what is 240 + -444?
-204
In base 2, what is 0 - -10100110001001000?
10100110001001000
In base 16, what is 1 - 49d1?
-49d0
In base 6, what is 142352532 - 5?
142352523
In base 3, what is 0 + 2220121?
2220121
In base 8, what is -760 + -175?
-1155
In base 11, what is 20727 + -a?
20718
In base 15, what is -3 + -e1d2?
-e1d5
In base 5, what is 324 - -11342?
12221
In base 8, what is -47705 - -5?
-47700
In base 14, what is 23498 + 0?
23498
In base 14, what is 12 + -109?
-d7
In base 11, what is 4988 + -2?
4986
In base 15, what is -2c9a3 + -4?
-2c9a7
In base 2, what is 100100010001 + 1010?
100100011011
In base 4, what is 20 + 12311222?
12311302
In base 2, what is -1011111 - -1000011101?
110111110
In base 2, what is 1111101101101010 - -10011?
1111101101111101
In base 14, what is 5da2 + -13?
5d8d
In base 12, what is -38 - -37?
-1
In base 11, what is -32069 - -8?
-32061
In base 13, what is 1c01 + -5?
1bc9
In base 12, what is 420172 - 1?
420171
In base 7, what is 0 - -62556?
62556
In base 3, what is -212202001 - 2001?
-212211002
In base 13, what is 2 - -25c43?
25c45
In base 16, what is -6d12 - 1c?
-6d2e
In base 6, what is -22 - 4525?
-4551
In base 7, what is -4 - -555?
551
In base 7, what is -204 - -362?
155
In base 5, what is -1 + 20134011?
20134010
In base 13, what is -2 + -59658?
-5965a
In base 6, what is 4424 - -31?
4455
In base 2, what is -11010010 + -1000000000?
-1011010010
In base 8, what is 0 - 116300?
-116300
In base 7, what is -40624 - -4?
-40620
In base 8, what is 20112 - 5?
20105
In base 9, what is 375 + -1630?
-1244
In base 4, what is 2 - -1203333?
1210001
In base 9, what is -3 - -26643?
26640
In base 3, what is -11022122 - -22?
-11022100
In base 3, what is -2211 + -10012?
-20000
In base 6, what is -1031 - 220042?
-221113
In base 5, what is 40020440 - -4?
40020444
In base 6, what is 123 - 145513?
-145350
In base 4, what is -101302232213 - 3?
-101302232222
In base 4, what is -10232212 + 313?
-10231233
In base 4, what is 12020 - 2103?
3311
In base 15, what is -10 - -b0b?
aeb
In base 4, what is -133131130 - 0?
-133131130
In base 4, what is -10 + -2003310?
-2003320
In base 9, what is 1200 + -2438?
-1238
In base 14, what is 3c5 + 89?
470
In base 4, what is -2330 + 1233323?
1230333
In base 13, what is 2126 - -c0?
2216
In base 12, what is 845 + -54?
7b1
In base 10, what is -63 - 21533?
-21596
In base 4, what is 22132 - 33?
22033
In base 3, what is -20010 + 1000121?
210111
In base 11, what is -3327 + -63?
-338a
In base 15, what is -6e - 1e94?
-2013
In base 2, what is -101000011001 + 111111?
-100111011010
In base 3, what is 20110001210 - 22?
20110001111
In base 11, what is 9587 - -1a?
95a6
In base 12, what is 5b9 - -28?
625
In base 10, what is -16289 + 48?
-16241
In base 4, what is 21210 + -11